?
False
Is 9 a factor of 496848?
False
Is 32 a factor of 371168?
True
Does 93 divide 378975?
True
Is 16 a factor of 105840?
True
Is 2771208 a multiple of 19?
False
Is 238 a factor of 704190?
False
Is 2029362 a multiple of 174?
True
Is 11 a factor of 39460?
False
Does 142 divide 530512?
True
Is 40103 a multiple of 469?
False
Is 27769518 a multiple of 42?
True
Does 114 divide 977436?
True
Does 1188 divide 487350?
False
Is 3042624 a multiple of 13?
True
Does 1270 divide 175260?
True
Is 96 a factor of 48192?
True
Is 256128 a multiple of 667?
True
Does 79 divide 1562599?
False
Does 2 divide 392256?
True
Is 902 a factor of 5667266?
True
Is 126 a factor of 11283676?
False
Is 37 a factor of 55019?
True
Is 152240 a multiple of 44?
True
Does 18 divide 167007?
False
Does 50 divide 25714?
False
Is 1471691 a multiple of 87?
False
Is 812 a factor of 1218950?
False
Does 12 divide 100872?
True
Is 12 a factor of 54937?
False
Is 1152 a factor of 391629?
False
Does 18 divide 174500?
False
Is 44945 a multiple of 445?
True
Is 17 a factor of 315386?
False
Is 507672 a multiple of 198?
True
Is 306 a factor of 69768?
True
Is 36 a factor of 8142932?
False
Is 230 a factor of 1424935?
False
Is 7 a factor of 4553371?
False
Does 157 divide 977325?
True
Does 11 divide 786731?
True
Is 162 a factor of 13138428?
False
Is 77 a factor of 124201?
True
Is 129079 a multiple of 29?
True
Is 106 a factor of 90595?
False
Is 23 a factor of 27646?
True
Is 8 a factor of 9048?
True
Is 163392 a multiple of 69?
True
Is 16 a factor of 2948216?
False
Is 3592353 a multiple of 14?
False
Is 180 a factor of 56880?
True
Is 721804 a multiple of 4?
True
Is 2653028 a multiple of 70?
False
Is 32 a factor of 155392?
True
Is 874776 a multiple of 7?
True
Is 73290 a multiple of 349?
True
Does 352 divide 617056?
True
Is 1037 a factor of 11798542?
False
Does 27 divide 5842123?
False
Is 45156 a multiple of 142?
True
Is 367920 a multiple of 20?
True
Is 13 a factor of 129044?
False
Is 297 a factor of 2337435?
False
Is 4 a factor of 111910?
False
Is 173 a factor of 38406?
True
Is 647955 a multiple of 169?
False
Is 196 a factor of 515698?
False
Does 683 divide 1963625?
True
Does 16 divide 4034016?
True
Is 24 a factor of 438144?
True
Is 23363 a multiple of 61?
True
Is 88434 a multiple of 51?
True
Is 855255 a multiple of 185?
True
Is 548163 a multiple of 11?
True
Is 4 a factor of 74140?
True
Is 32273400 a multiple of 298?
True
Is 9205769 a multiple of 58?
False
Is 9450 a multiple of 25?
True
Is 591834 a multiple of 20?
False
Is 420 a factor of 8982120?
True
Is 12264968 a multiple of 64?
False
Is 9778587 a multiple of 21?
True
Is 28 a factor of 364560?
True
Does 21 divide 1127129?
False
Does 28 divide 1041304?
False
Does 85 divide 401265?
False
Does 12 divide 801350?
False
Is 851913 a multiple of 919?
True
Is 563 a factor of 734936?
False
Is 1257640 a multiple of 230?
True
Is 82040 a multiple of 20?
True
Is 899382 a multiple of 10?
False
Does 141 divide 125349?
True
Is 115647 a multiple of 285?
False
Is 89 a factor of 448089?
False
Is 223073 a multiple of 76?
False
Does 16 divide 520734?
False
Is 3194010 even?
True
Is 2 a factor of 719992?
True
Does 222 divide 12210?
True
Does 43 divide 17980794?
True
Is 43 a factor of 4686871?
True
Does 299 divide 8271252?
False
Is 288601 a multiple of 169?
False
Is 342 a factor of 2889643?
False
Is 6942 a multiple of 298?
False
Is 4 a factor of 91630?
False
Is 16 a factor of 2891750?
False
Does 111 divide 13051824?
True
Does 73 divide 42930?
False
Is 12 a factor of 84960?
True
Does 80 divide 539385?
False
Is 1148680 a multiple of 155?
False
Does 675 divide 1355400?
True
Is 44095 a multiple of 70?
False
Is 99 a factor of 1842390?
True
Does 3 divide 700335?
True
Is 4 a factor of 209308?
True
Is 14640 a multiple of 8?
True
Is 84 a factor of 234024?
True
Is 20 a factor of 90999?
False
Is 149 a factor of 28274?
False
Does 814 divide 7385422?
True
Is 8364 a multiple of 82?
True
Is 3324124 a multiple of 65?
False
Is 3524440 a multiple of 40?
True
Is 221 a factor of 6077279?
True
Does 155 divide 429107?
False
Is 1338282 a multiple of 33?
True
Is 10 a factor of 4130290?
True
Does 12 divide 393432?
True
Does 5 divide 576595?
True
Is 766989 a multiple of 557?
True
Does 14 divide 881622?
True
Does 128 divide 355711?
False
Is 84673 a multiple of 9?
False
Is 125195 a multiple of 49?
True
Is 2242561 a multiple of 97?
False
Is 644648 a multiple of 33?
False
Is 12 a factor of 2739?
False
Is 146354 a multiple of 26?
True
Does 5 divide 32970?
True
Does 684 divide 1255824?
True
Does 21 divide 673701?
True
Is 4 a factor of 466220?
True
Is 769 a factor of 766126?
False
Is 3451944 a multiple of 545?
False
Is 1007530 a multiple of 265?
True
Does 1564 divide 466947?
False
Is 3737769 a multiple of 147?
True
Does 93 divide 2133234?
True
Does 24 divide 1150080?
True
Does 20 divide 3985980?
True
Does 26 divide 128468?
False
Does 420 divide 428820?
True
Is 53 a factor of 15635?
True
Is 20 a factor of 359065?
False
Is 7 a factor of 80487?
False
Is 238633 a multiple of 127?
True
Is 837805 a multiple of 19?
True
Is 65 a factor of 1083355?
True
Does 155 divide 926708?
False
Does 831 divide 3097137?
True
Is 488909 a multiple of 29?
False
Is 353277 a multiple of 17?
True
Is 66 a factor of 40068?
False
Does 31 divide 1357208?
False
Is 9 a factor of 4829886?
True
Is 67 a factor of 35908?
False
Is 1794730 a multiple of 2?
True
Is 46058 a multiple of 8?
False
Does 21 divide 1960474?
False
Is 214256 a multiple of 56?
True
Is 174 a factor of 264654?
True
Is 14 a factor of 384935?
False
Is 71 a factor of 115162?
True
Does 126 divide 292446?
True
Is 3286956 a multiple of 136?
False
Is 206 a factor of 299033?
False
Is 4 a factor of 705843?
False
Is 485834 a multiple of 30?
False
Is 977762 a multiple of 83?
False
Is 66584 a multiple of 4?
True
Is 660176 a multiple of 70?
False
Does 179 divide 6169772?
True
Is 4158410 a multiple of 778?
True
Is 64 a factor of 3421?
False
Is 317 a factor of 507490?
False
Is 177519 a multiple of 152?
False
Does 234 divide 18214034?
False
Is 13873834 a multiple of 2032?
False
Is 2510158 a multiple of 14?
True
Does 6 divide 200214?
True
Is 28 a factor of 76009?
False
Does 8 divide 170239?
False
Is 171 a factor of 586530?
True
Is 14048333 a multiple of 2521?
False
Does 135 divide 92610?
True
Does 58 divide 6533004?
True
Does 32 divide 12655424?
True
Does 255 divide 2628077?
False
Is 257 a factor of 6165430?
True
Does 178 divide 604541?
False
Is 6 a factor of 281006?
False
Is 18 a factor of 511611?
False
Does 4 divide 2720856?
True
Is 266 a factor of 132415?
False
Is 27 a factor of 350541?
True
Does 122 divide 1525976?
True
Does 24 divide 1357307?
False
Is 45 a factor of 2070?
True
Does 423 divide 158625?
True
Is 5 a factor of 635982?
False
Does 139 divide 53589?
False
Is 526 a factor of 7877376?
True
Is 7 a factor of 73572?
False
Is 205832 a multiple of 10?
False
Is 50 a factor of 3607950?
True
Is 26 a factor of 231894?
True
Is 469168 a multiple of 28?
True
Does 7 divide 13228?
False
Is 699 a factor of 16333533?
True
Is 113589 a multiple of 189?
True
Is 12 a factor of 93984?
True
Is 177 a factor of 2878096?
False
Does 21 divide 206872?
False
Does 84 divide 160944?
True
Is 2 a factor of 109508?
True
Is 1532308 a multiple of 12?
False
Does 688 divide 1772976?
True
Is 11089980 a multiple of 495?
True
Is 16 a factor of 67024?
True
Is 73881 a multiple of 122?
False
Is 81 a factor of 3246399?
True
Does 95 divide 2619340?
True
Is 363000 a multiple of 200?
True
Does 12 divide 226691?
False
Is 34 a factor of 336260?
True
Is 78 a factor of 57333?
False
Is 20 a factor of 40240?
True
Is 878646 a multiple of 138?
True
Is 1857240 a multiple of 134?
True
Is 283962 a multiple of 6?
True
Is 8 a factor of 173064?
True
Does 96 divide 2167968?
True
Is 2527426 a multiple of 99?
False
Is 68112 a multiple of 33?
True
Is 147 a factor of 1756381?
False
Does 8 divide 5108432?
True
Does 25 divide 24325?
True
Does 382 divide 348402?
False
Is 191 a factor of 203571?
False
Is 161 a factor of 180006?
False
Is 12 a factor of 137832?
True
Does 450 divide 4178250?
True
Is 585400 a multiple of 409?
False
Does 318 divide 1417008?
True
Is 1379833 a multiple of 59?
True
Does 60 divide 281853?
False
Is 1027564 a multiple of 212?
Tr